) = y**3 - 21*y**2 - 18*y + 23. Is r(24) prime?
True
Suppose -337 = 5*q - 4952. Is q composite?
True
Suppose -i = -4*i + 1743. Is i a prime number?
False
Suppose 0 = -3*r + 2*r + 97. Let l = 3 - r. Is (3 + -2)/((-2)/l) composite?
False
Suppose 5 = 4*w - 3. Suppose g + 11 = -w*j, 2 = j + 5*g + 30. Let k = j + 92. Is k a prime number?
True
Let a = -5 - -8. Let x = -1 + a. Suppose 4*f - 72 = -4*b + f, x*b = -2*f + 34. Is b composite?
True
Suppose -1 = 5*v + 24, -5*v = 2*m + 9. Suppose 268 = 4*l + m. Is l a prime number?
False
Let u = -1 - 3. Let b = 23 + u. Is b composite?
False
Suppose -4*d + 1160 = -2*a, 2*d + 1465 = 7*d + 5*a. Is (3 - d/(-6))*2 prime?
True
Let u(n) = 3*n**2 - 2*n + 24. Is u(-7) prime?
False
Let a(x) = x + 14. Let g be a(-7). Let w(z) = z**3 - 7*z**2 + 4*z + 7. Is w(g) composite?
True
Let u(d) = d - 1. Let o be u(13). Let n(p) = 3*p**2 - 15*p - 17. Is n(o) a composite number?
True
Suppose -2*q + 6 = -0*q. Suppose 2*s - 3*h - 3 = -2, -2*h + 8 = q*s. Suppose -46 = -s*p - 2. Is p prime?
False
Suppose 1219 - 363 = 4*k. Suppose -4*a = -k - 50. Let s = a + -29. Is s a composite number?
False
Suppose 1882 - 11630 = -4*w. Is w a composite number?
False
Let z be (3/3 - 1)/(-1). Suppose -5*b = -z*b - 110. Is b/((6/9)/1) a prime number?
False
Let r = 899 - 190. Is r composite?
False
Let z = -25 - -64. Is z a prime number?
False
Let a = 1001 + -592. Is a prime?
True
Let f(s) = 28*s + 9. Is f(4) composite?
True
Let y(w) = -w**2 + 5*w + 4. Suppose -9 = -4*p + 11. Let d be y(p). Is 45/2 - (-2)/d a prime number?
True
Let z(p) = -p**3 - 8*p**2 + 14*p - 7. Is z(-10) a prime number?
True
Let w be ((-6)/4)/(3/3032). Let l = w + 2717. Is l composite?
False
Let k(h) = -h**3 - h**2 - h - 218. Let s be k(0). Let f = 525 + s. Is f prime?
True
Is (-337)/(-1 + 0/(-1)) a composite number?
False
Let t = -87 + 496. Is t prime?
True
Suppose 4 = 3*f - 2. Suppose -4*j = 4*m - 36, -4*j - f*m + 52 = -6*m. Is j a composite number?
False
Suppose p = k + 5, 7*p + 3*k - 27 = 3*p. Is p a prime number?
False
Suppose -4*y - 6 = -18. Suppose -239 = -4*o + y*s - 2*s, -s = -1. Is -1*(o/(-3) - -1) composite?
False
Let i = 620 - -894. Is i prime?
False
Let x(y) = y - 3. Let s be x(2). Is 780/6 - (s - 0) prime?
True
Let m = -6 + 6. Let g be (m + -12)/((-8)/116). Let f = -25 + g. Is f a composite number?
False
Suppose 2*b - 212 = 170. Let z = b - 109. Suppose -2*d + 6*n + z = 2*n, n = 4*d - 157. Is d a composite number?
True
Let l(c) be the first derivative of 18*c**3 + c**2 + c + 2. Is l(-1) prime?
True
Let c(v) = -v**2 + 2*v - 1. Let n be c(1). Suppose 0 = -3*q + 3*u - 21, -3*q - 2*u = 1 - n. Let a(b) = -7*b**3 - 3*b**2 - b - 4. Is a(q) composite?
True
Let u(v) = v**3 + 7*v**2 - 8*v - 5. Is u(-5) a prime number?
False
Let v(c) = c**3 + 10*c**2 + 10*c + 10. Let y be v(-9). Is (y/3)/(2/114) a composite number?
False
Suppose 0 = -5*l + 6619 - 2224. Is l prime?
False
Let j(n) = -3*n + 22. Let v(w) = 4*w - 22. Let f(l) = 5*j(l) + 4*v(l). Is f(0) composite?
True
Let t = 6775 + -4556. Is t composite?
True
Let m be 1/(12/687)*-4. Let x = m - -350. Is x prime?
False
Is 3304/21 - (10/(-6) + 2) composite?
False
Let z(a) = -2*a**2 + 0 - a**3 + 3 + a**2 + 6*a - a**2. Is z(-4) composite?
False
Suppose 3*x - i = 270, -3*i = 2*x - 47 - 144. Is x a composite number?
True
Is 66942/3*4/24 prime?
True
Let k = 234 - 147. Suppose 2*n + 2*n - 40 = 0. Let u = k - n. Is u composite?
True
Suppose -413 - 1472 = -5*x. Is x a prime number?
False
Suppose 10*a - 5108 = 6*a. Is a a prime number?
True
Suppose r = 3*r - 20. Let t = r - 7. Suppose 4*w - 23 = t*w. Is w a prime number?
True
Suppose 4*c - 5*h - 1038 = c, -5*c = -5*h - 1720. Is c a composite number?
True
Let o(v) = 1. Let x(i) = 101*i + 2. Let c(b) = -o(b) - x(b). Is c(-2) a composite number?
False
Suppose n + 3*x - 1118 = 0, 6*n = 3*n - 2*x + 3319. Is n a composite number?
False
Let s = -57 + 31. Let r = -40 - -81. Let v = s + r. Is v composite?
True
Let i be 7107/6 - 3/(-2). Suppose -3*x = -i + 229. Is x a prime number?
False
Let j be 2*1/2*-821. Let s = j - -1407. Suppose q = -q + s. Is q a prime number?
True
Suppose f - 357 - 405 = 0. Suppose 0*w + 3*w - l - 1143 = 0, -2*w + 4*l + f = 0. Is w a prime number?
False
Suppose -l + 0*l - 3*j - 737 = 0, -3*l - 2207 = 5*j. Let k = 1141 + l. Is k a prime number?
False
Let y = 13 - 23. Is (-1)/5 - 2932/y composite?
False
Suppose 4*h + z - 45 = -h, -z = h - 13. Let f(o) = 20*o - 2. Is f(h) composite?
True
Suppose -9*q = -4*q - 2865. Suppose -n = 2*n - q. Is n prime?
True
Suppose 4*n + 4*z - 3*z = 4, -2*n - 16 = 5*z. Suppose 0*c + n*c - 14 = 0. Is c composite?
False
Let u(c) = 117*c**2 - 6*c + 2. Is u(-3) a composite number?
True
Let c(d) = -4*d**2 + 3*d**2 - 3*d - 2 + d. Let z be c(3). Let r = -4 - z. Is r a composite number?
False
Let u(x) = -x**2 + 4. Let w be u(-6). Let n be (-2)/6 + w/(-6). Suppose -95 = -n*l - 0*o - 4*o, 4*l - 75 = -3*o. Is l prime?
False
Suppose 4*a + 2*g = 192, -a + 49 = -4*g - 8. Suppose 25 + a = t. Is t prime?
False
Let r be (-2)/(-7) - (-1839)/7. Let y = r + -186. Is y a composite number?
True
Suppose 2*c - 10 = 3*z + 4, 0 = 3*z + 2*c - 2. Let r = -2 + 17. Let v = z + r. Is v a prime number?
True
Let h(p) = 5*p**2 + 2. Suppose -3*x + 11 = r, 5*x + 2*r - 13 = 2*x. Suppose -2*n = -x*n - 5. Is h(n) prime?
True
Suppose c + w - 8 = -1, w - 31 = -3*c. Let u be c/9*3*1. Suppose -8 = u*d, -2*v = 2*v + 4*d - 44. Is v composite?
False
Let i(t) be the first derivative of t**4/4 - 8*t**3/3 + 4*t**2 + 4*t - 3. Is i(7) prime?
True
Suppose -8 = -2*v - 2. Let w be v/12*14*2. Suppose w = q + 5*f - 30, 5*q = -2*f + 116. Is q composite?
True
Let s(z) = -57*z + 1. Suppose 4*o + 13 = p, -5*o - 6 = -p + 9. Let v be s(o). Suppose v - 15 = 4*c. Is c a prime number?
False
Let g be 2/3 + (-267)/9. Let b(o) = 6*o**2 - 4*o + 2. Let q be b(2). Let r = q - g. Is r a prime number?
True
Suppose 2*u = 4*d + 41 + 175, -214 = 4*d - u. Let z = -22 - d. Is z composite?
False
Let i(u) = -u**2 + 12*u + 3. Let m be i(6). Let t(q) = 5*q + 1. Let h be t(5). Suppose j - h = m. Is j a composite number?
True
Let g be (2/(-5))/((-4)/40). Is ((-243)/(-12) - 4)*g a composite number?
True
Let y = 560 + -91. Suppose y = 2*k + 27. Is k a composite number?
True
Let v = -1 + 6. Suppose -8 = -4*x - 5*r, 3*r + 6 = 2*x + x. Suppose 2*i + v*j = 168, x*i + 4*j - 87 = i. Is i composite?
False
Suppose 2*g = q + 2*q + 109, -4*g + 2*q = -230. Is g prime?
True
Suppose 0 = -b + 3*b - 1324. Suppose s = -3*l + 5*l - b, 5*l - 1655 = -s. Is l composite?
False
Suppose -5*s + 5*a + 7720 = 0, 5*a - 6*a = 2*s - 3085. Is s a composite number?
False
Let p be (-1)/(1/2) + 5. Suppose -6*q = m - 3*q + p, 2*q = -8. Let k = 24 - m. Is k composite?
True
Let z(k) = -58*k**3 + 7*k**2 + 9*k - 1. Is z(-4) a composite number?
True
Let l = -2 - -6. Is l a composite number?
True
Let i(j) = -j**2 + 1559. Is i(0) a composite number?
False
Suppose -5*i - 5*q = 0, 2*i - 1 = -q + 1. Suppose -s = u - 4, -1 = -2*u - i*s + 7*s. Suppose 0 = 5*y - 4*v - 377, -u*v + 164 = 2*y + 2*v. Is y a prime number?
False
Let q(t) = 100*t + 1. Suppose 3*g = 8 + 1. Is q(g) a composite number?
True
Let j(w) = -91*w**3 + 4*w**2 + 2*w - 2. Let i be j(-2). Suppose -4*n + 2*t = -i, -4*n = t - 4*t - 733. Is n prime?
False
Suppose -4 = a - 2. Let n = a + -12. Is (-4)/n - (-576)/42 a prime number?
False
Let p(g) = 6*g - 1. Let z be 2/(-2) + 3/(-1). Let v be 1/z + 9/4. Is p(v) composite?
False
Suppose 3*u + 0 = 9, -3*w - 5*u + 6 = 0. Let g be 2 + (w - -23)/1. Suppose 3*o + 59 = 2*k, k + 2*o - 25 = g. Is k prime?
True
Let i = 71 + 168. Let n = i - 76. Is n a prime number?
True
Let u(j) be the third derivative of 7*j**5/60 - 7*j**2. Let a(m) = -m**2 + 9*m + 1. Let h be a(9). Is u(h) composite?
False
Let i(c) = 3*c**3 + 7*c**2 + 7*c - 9. Is i(6) a prime number?
False
Suppose -5*m + l = -0 - 1, -4*l + 12 = -4*m. Suppose 2*x - 3 - m = 0. Is (x - 0 - 1)*23 prime?
True
Suppose -65 - 94 = -j. Is j a prime number?
False
Let z(h) = -62*h - 1. Let c be z(4). Let j = -172 - c. Suppose 2*r - 3*r + j = 0. Is r composite?
True
Let x(y) = 5*y. Let q(v) = -5*v + 1. Let p(m) = -4*q(m) - 5*x(m). Is p(-6) prime?
False
Suppose -2*q = -a + 2*a, -2*q - 18 = 4*a. Let z = a - -8. Is (-3)/(-5)*(z - -13) composite?